common factor of 145 and l.
29
Let f(o) = o**3 + 0*o**3 + 2 + 3*o**2 - 2*o**3 + 3*o - o**3. Let h be f(-2). Let z = 30 + -14. Calculate the greatest common factor of z and h.
8
Suppose -7*r + 768 = r. Calculate the greatest common factor of r and 3.
3
Suppose 3*q = -6*q + 90. Suppose -6*a + 50 = -5*a. What is the highest common factor of a and q?
10
Let j be (-5013)/(-24) + 5/40. What is the greatest common factor of 19 and j?
19
Suppose -62*t + 69*t = 1820. What is the greatest common divisor of t and 65?
65
Suppose 0 = -0*y + 3*y + 18. Let r(w) = -2*w + 10. Let u be r(y). Suppose 2*m = 3*x + 2, -3*m - 3*x + u = m. Calculate the highest common factor of 6 and m.
2
Suppose 0 = -2*c - 2*d + 6*d + 120, 5*c - 4*d - 324 = 0. Let h be -1*c*2/(-4). Calculate the highest common factor of 85 and h.
17
Suppose 9*o = -3*v + 4*o + 127, 2*v - 73 = -o. Let w be (-7 - -1)/((-51)/v). Calculate the greatest common divisor of w and 52.
4
Suppose 3*y = 4*g + 344, -9*y - 3*g + 612 = -4*y. What is the greatest common divisor of y and 45?
15
Suppose 7243 = 91*t - 4405. Calculate the greatest common divisor of 96 and t.
32
Let h(m) = m - 3. Let s(r) = 5*r - 2. Let g be s(3). Let q be h(g). What is the greatest common divisor of q and 10?
10
Let c be (-78 + 80)/(74/(-38) - -2). What is the highest common factor of 285 and c?
19
Let p be 4/14 - (-132)/77. Suppose 0*a - p*f = 2*a - 52, a + 3*f = 32. Let g = 41 - -28. What is the greatest common factor of a and g?
23
Let n(i) = i**2 - 2*i + 3. Let z be n(3). Let y = -2 + z. Let f = 712 - 680. Calculate the highest common divisor of y and f.
4
Suppose 0 = -2*f - 10, 4*f - 159 = 5*t + 161. Let c be -6*(-1)/((-6)/t). What is the highest common factor of c and 17?
17
Let b be (4 + -5)/((-3)/(-87)*1). Let x = 53 + b. What is the greatest common factor of x and 1?
1
Suppose s = t - 68, -2*s + 68 = t - 0*s. Let q be (5/3)/(-1)*-3. Suppose -q*z + z + 68 = 0. What is the greatest common divisor of z and t?
17
Let f be (3/(-9))/((-1)/33). Let r = 4 + f. Let h(u) = u**2 - 113*u + 442. Let p be h(4). Calculate the highest common factor of r and p.
3
Let z = 99 + 6. Suppose -4*j + o + 2*o = -60, -3*j + 3*o = -45. Calculate the greatest common divisor of j and z.
15
Let v(h) = h + 8. Let b(k) = k + 9. Let c(g) = 5*b(g) - 6*v(g). Let z be c(-13). What is the greatest common factor of z and 10?
10
Suppose -3*z + 4*z + 4 = 0, -3*z - 35 = -v. Let t(s) = 93*s**3 - 1. Let h be t(1). What is the highest common factor of v and h?
23
Let x(q) = 1 + 48*q + 55*q - 102*q. Let d be x(14). Calculate the highest common divisor of 10 and d.
5
Suppose -y - i - 263 = -2*i, -2 = 2*i. Let r be (-2)/(-5) - y/15. Calculate the greatest common divisor of 9 and r.
9
Let o = 310 - 62. Calculate the highest common divisor of o and 31.
31
Suppose 0 = 3*b + 2*b - 10. Suppose -2*s = -6 + b. Suppose f = s*f - 3. What is the greatest common divisor of f and 9?
3
Let x = 1000 - 901. Calculate the highest common divisor of x and 363.
33
Let f = 15 + -22. Let h = 3 - f. What is the highest common factor of h and 50?
10
Suppose 8*u - 6*u = 2*c - 24, -2*c + u = -21. Calculate the highest common factor of 441 and c.
9
Let s = 26 + -18. Let t be ((-897)/46)/((-6)/s). What is the highest common factor of 39 and t?
13
Suppose -2*l = 0, 2*n = -2*l + 1723 - 699. What is the greatest common divisor of 96 and n?
32
Suppose x + 4*x = 75. Suppose 0 = -42*q + 604 - 184. Calculate the highest common factor of x and q.
5
Let d = -92 - -94. Let f be d/10 + (-3507)/(-15). Calculate the greatest common divisor of f and 26.
26
Let p = 622 - 608. Calculate the highest common factor of 1442 and p.
14
Suppose 13*l - 12*l + g - 86 = 0, -5*l + 4*g = -385. What is the highest common divisor of l and 18?
9
Suppose 3*p + 4 = 40. What is the greatest common factor of 32 and p?
4
Let f(m) = -22*m - 296. Let h be f(-24). Calculate the highest common factor of 24 and h.
8
Suppose b + 4*b = -3*v + 156, -234 = -4*v + 2*b. Suppose 2*w - v = -w. Calculate the greatest common factor of 19 and w.
19
Suppose 1 = -5*z + 76. Suppose 1 = -11*m + 34. What is the greatest common divisor of z and m?
3
Suppose 28*w - 26*w - 702 = -3*j, -4*w - j + 1384 = 0. Calculate the greatest common divisor of 138 and w.
69
Suppose 5*v + 15 = 0, m = v - 22 + 9. Let y be (-18)/4*m/(-6). Let x be (12/(-8))/(3/y). Calculate the greatest common factor of 18 and x.
6
Suppose 2*m = 5*m + 3*k - 21, -5*m = -4*k - 26. Suppose -x - m = -4*l, -8 = -2*x - l + 4*l. Calculate the highest common factor of 20 and x.
10
Suppose 0 = 31*l + 62*l - 15624. What is the greatest common factor of 1624 and l?
56
Let p be (2/(-4))/((-8)/(-16)) - -5. Suppose -5*t + 42 = -2*j, 0*j - 2*j + 48 = p*t. Calculate the highest common divisor of 2 and t.
2
Suppose -5*i - h + 459 = 0, 2*h + 356 = 4*i - 0*h. What is the greatest common divisor of 104 and i?
13
Let p = 12 + -1. Let z(w) = 9*w**3 + 3*w**2 + 2*w - 3. Let d be z(1). What is the highest common factor of d and p?
11
Let l = 887 - 853. What is the highest common factor of l and 2278?
34
Let o = 3130 + -3119. Let q(c) = 8*c - 4. Let y be q(6). Calculate the highest common factor of y and o.
11
Let l = -1521 + 1530. Calculate the highest common divisor of 1 and l.
1
Let f be (-7)/14 + 22/(-4). Let g(p) = p + 8. Let c be g(f). Let b be c - (-3 + (-2)/1). What is the greatest common divisor of b and 63?
7
Let v(t) = -t**2 - 6*t. Suppose 8*f - 7*f = -5. Let q be v(f). Calculate the highest common divisor of q and 25.
5
Let f(p) = -14*p - 61. Let t be f(-8). Calculate the greatest common factor of 255 and t.
51
Suppose -108*n + 1155 = -97*n. What is the greatest common divisor of n and 84?
21
Let b be 15*-1*(280/(-30))/4. Calculate the highest common divisor of b and 280.
35
Let n be 17 - (6/1)/3. Suppose -n = -3*i - 0*i. Let s = i - -1. Calculate the greatest common divisor of s and 2.
2
Suppose -w = w - 4, 2*y = 4*w - 40. Let g = y + 19. Suppose 2*o + 12 = 3*o. What is the greatest common factor of g and o?
3
Let f = 21 - 13. Let a = f - -22. Calculate the highest common divisor of a and 15.
15
Let o(f) = f**2 + 8*f + 24. Let i be o(-6). Let l(k) = -13*k - 2. Let s be l(-2). Calculate the greatest common factor of s and i.
12
Suppose s + 0*s = 8. Suppose 7*k = 9*k - s. Suppose -3 = 2*x + 3, -2*p + k = 4*x. Calculate the greatest common divisor of 64 and p.
8
Let i = -230 + 5. Let x = i + 365. Calculate the greatest common factor of 20 and x.
20
Let y = -36 + 20. Let c(o) = -4*o - 36. Let x be c(y). Suppose -2*k = -k - x. What is the greatest common divisor of k and 7?
7
Suppose 4*a + 82 = 58. Let b be a/21 + 120/28. What is the greatest common factor of b and 44?
4
Let o(h) = h**2 + 11*h. Let y be o(-3). Let j(x) = -x**3 - 22*x**2 + 48*x + 21. Let z be j(y). Calculate the highest common divisor of z and 28.
7
Suppose -9 - 5 = -7*l. Suppose -2*z - i + 3 = 0, -3*z + 4 = l*i + 2. Calculate the greatest common divisor of z and 2.
2
Suppose -1980 = -37*f + 6567. Let a be (33 + 0)*1/1. What is the greatest common divisor of a and f?
33
Let t(y) = -2*y - 3. Let v be t(-3). Suppose 7 = -v*f + 13. Suppose -f*h - 40 = -3*b - 2*b, -2*b + 5*h = -37. Calculate the highest common factor of 24 and b.
6
Suppose -2*z + 11 = f + 13, -10 = 2*z + 3*f. What is the greatest common factor of 123 and z?
1
Let p(i) = i**2 + 2*i + 4. Let y be p(-5). Let u = -1837 + 1856. What is the greatest common factor of y and u?
19
Suppose -3*s - 20 = -32. Calculate the highest common factor of 11 and s.
1
Let n = -31 + 30. Let o be n/((-3)/75) - -1. Calculate the highest common divisor of 65 and o.
13
Let l(t) = 3*t**2 - 2*t - 5. Let f be 18/(-27) - 44/(-3). Let n = 19 - f. Let j be l(n). What is the highest common divisor of 40 and j?
20
Suppose 0 = -10*j + 12*j - 8. Suppose -p - c + 17 = j*p, -2 = -c. What is the highest common factor of p and 51?
3
Let y = 300 - -1590. Suppose 0 = -13*x + 6*x + y. What is the highest common divisor of x and 30?
30
Let y be (-28 - 34)*(2 + -4). What is the greatest common divisor of 1054 and y?
62
Let h(m) = -2*m + 2. Let a be h(-5). Let x(l) = -4*l + 67. Let p be x(9). Suppose -48 = -p*u + 27*u. What is the greatest common factor of u and a?
12
Let x = 1 - -10. Suppose -4*p + x + 5 = 0. Let k be 10/(